9) + 29). Suppose o = 5*f + 77, -f + 263 = 3*o - 0*f. What is the tens digit of o/27 + 4/x - -43?
4
Suppose -5*k - 3*z + 2*z = 4, 3*k - 3*z = -6. What is the hundreds digit of (6/2 - 113)/(k/8)?
8
Let u = 62 + -58. Suppose 0 = u*w + 2 - 10. Suppose -y + 76 = 3*p, 4*p + 17 = -w*y + 161. What is the tens digit of y?
6
Let v = -49 + 41. Let z be v/12 + (-1077)/(-9). Suppose -2*c - 4*s = -178, z = 2*c + 3*s - 60. What is the tens digit of c?
9
What is the units digit of 7 - (-4202 + 3/(-4 - -1))?
0
Let n(d) = 12*d + 4. Let r be n(1). Suppose -r*y + 10*y = -1266. What is the hundreds digit of y?
2
Let o be (5 + -7)/(18/27). Let z(v) = -286*v - 50. What is the tens digit of z(o)?
0
Let p(a) = -5*a + 116. Let i be p(-6). Let k = 6 + i. What is the hundreds digit of k?
1
Let x(z) = -7609*z**3 + z**2 + 6*z + 4. What is the units digit of x(-1)?
8
Let s be 2*(-31)/2 + 3. What is the tens digit of -2 + 453 + 112/s?
4
Let g(t) = 58*t**2 - 103*t + 56. What is the hundreds digit of g(21)?
4
Let m be 6 + 191 + (-8)/(-2). Let z = m + 123. What is the hundreds digit of z?
3
Suppose i + 5827 = 2*c - 0*i, 0 = -2*c + 5*i + 5847. Suppose x - 2916 = -5*b, 4*x + c = 9*b - 4*b. What is the hundreds digit of b?
5
Let y be (-3)/2*-18 - -3. Let i be (-3)/(-5) + (4 - (-7512)/y). Suppose -4*v + 2*t + 62 = -208, 0 = 4*v - 5*t - i. What is the tens digit of v?
7
Let s be 6/((-216)/4038) - (-1)/6. Let x = 431 - s. What is the tens digit of x?
4
Let c(x) = -x**3 - 5*x**2 + 6*x. Let q be c(-6). Let p be 1544/104 + 2/13. Suppose p*i - 6*i - 1071 = q. What is the hundreds digit of i?
1
Suppose -13 = -4*t - 1, -4*t + 12 = -a. Suppose -10*p + 3712 + 1568 = a. What is the hundreds digit of p?
5
Let t(d) = 0*d**3 - 55*d + 16*d**2 + 42 + 0*d**3 + d**3 + 52*d. What is the tens digit of t(-15)?
1
Let k = 24 + 94. Let f = 143 - k. What is the tens digit of f?
2
Let k = -2167 - -3516. What is the tens digit of k?
4
Let w(p) = 27*p - 9. Let b be w(2). Let i be (1 - 5/(b/6))*12. What is the tens digit of 28/12*(43 - i)?
9
Let m be -4 + 1*(-2)/1. Let f(p) = 2*p**3 + 9*p**2 + 4*p + 6. Let d(v) = v**3 + 8*v**2 + 3*v + 5. Let x(b) = m*d(b) + 5*f(b). What is the tens digit of x(2)?
2
Let g be (4*1)/(-4*10/(-20)). Suppose 0 = r + g*r - 4*o - 1096, -2*r = o - 716. What is the hundreds digit of r?
3
Let a(g) = -5 - 7*g + 0*g + g**2 - 12*g. Let y be a(18). Let n = 118 + y. What is the units digit of n?
5
Let h(w) be the second derivative of -w**5/20 + 17*w**4/12 - 17*w**3/6 + 13*w**2/2 + 49*w. What is the units digit of h(9)?
8
Let w(t) = -3*t**2 - 111*t - 81. What is the units digit of w(-27)?
9
Let a = -232 + 242. What is the hundreds digit of (-2)/(-3)*(47145/a)/7?
4
Let c be ((-35)/4)/(-7)*(-13 + 5). Let j(d) = -d - 6. Let v be j(c). What is the tens digit of 144 - v/(-3)*3?
4
Let h = 35 + -30. Let n be 3*-4*h/(-30). Suppose 3*q + q = -n*u + 124, -3*q + 275 = 5*u. What is the units digit of u?
2
Suppose 2 = -h, -5*h + 5 = -3*p + 6. Let k be (110/(-3) - -1) + 16/24. Let y = p - k. What is the units digit of y?
2
Let l(v) = 227*v + 247. Let k be l(7). Let w = k - 576. What is the hundreds digit of w?
2
Let q(u) = -323*u - 4. Let r be (-4 - -2)*((-11)/(-2) - 4). What is the units digit of q(r)?
5
Let l = 10987 - 1398. Suppose -l + 2109 = -17*k. What is the units digit of k?
0
Let n(x) = -4*x**2 - 15*x + 6. Let a be n(-4). Suppose -5*k + 2 = -3. What is the hundreds digit of 2/12*489*a/k?
1
Let r = -5712 - -10538. What is the units digit of r?
6
Suppose 0 = 13*k - 967 - 2036. Suppose -2*t + 458 = -216. Suppose -3*l + 2*x + k = -t, -2*l = -4*x - 368. What is the units digit of l?
2
Let h = 44 + 218. Suppose -82 = 12*g - h. What is the units digit of g?
5
Let r = -57 - -59. Let f = -26 - r. Let k = 74 + f. What is the units digit of k?
6
Let j = 106901 + -28761. What is the tens digit of j?
4
Let z = -13 - -19. Let r be 3 - (z - (-4 - -8)). Suppose r = -h, 4*j + 3*h + h - 364 = 0. What is the units digit of j?
2
Suppose 11 = -3*s + 29. Let m = s + 19. Suppose -22*l + m = -17*l. What is the units digit of l?
5
Suppose -5*k = -4*q - 33512, -6712 = -k + 7*q - 11*q. What is the tens digit of k?
0
Suppose -3*o - 2*a - 25 = 0, 4*o = 4*a - 9*a - 31. What is the hundreds digit of (-327)/((81/12)/o)?
4
Let t = -228 - -660. What is the units digit of (117/234)/((0 - -2)/t)?
8
Let t(r) = -50*r**3 - 9*r**2 - 6*r + 1. Let j be t(-1). Suppose 3*k - 17 + 8 = 0. Suppose -j = -4*l + k*l. What is the units digit of l?
8
Suppose 0 = 3*d + 5*d - 128. Suppose 0 = -3*c - 4*p - d, 5*p + 20 = 5*c - 0*c. Suppose 5*y - 11 - 219 = c. What is the tens digit of y?
4
Suppose 4*u = -36, 15*n - 56057 = 11*n + 5*u. What is the ten thousands digit of n?
1
Suppose -u + 3*a - 1441 = 4*a, 5*u + 7185 = -a. What is the units digit of (-6)/(-15) + u/(-10)?
4
Let d(i) = 2*i**3 - 27*i**2 + 440*i + 25. What is the hundreds digit of d(17)?
5
Let h(n) be the second derivative of n**5/20 - n**4 - 5*n**3/2 + 21*n**2/2 + 15*n. Let d be h(13). What is the tens digit of (1584/90)/((-2)/d)?
4
Let y(m) = 161*m - 4901. What is the thousands digit of y(45)?
2
Let x(t) = 1142*t**2 + 93*t + 651. What is the thousands digit of x(-7)?
5
Suppose 0*h - 556553 - 221560 = -27*h. What is the ten thousands digit of h?
2
Suppose -5*j + 29646 = -2*k, -3*j - 2*k + 7092 = -10702. What is the hundreds digit of j?
9
Suppose -3*a + 84968 = -4*i, 5*a - 141598 = 57*i - 58*i. What is the tens digit of a?
2
Let j = 17 + -10. Let q(v) be the first derivative of -v**4/4 + 2*v**3 + 11*v**2/2 + 7*v + 257. What is the units digit of q(j)?
5
Suppose -45 = -9*s - 27. Suppose -3*z = 4*y - 1420, s*y = -z - 66 + 536. What is the hundreds digit of z?
4
Suppose 2825 = 15*s + 650. Let q = 704 + s. What is the tens digit of q?
4
Let n(i) = 282*i - 746. What is the tens digit of n(22)?
5
Let p(l) be the second derivative of -l**4/4 - 35*l**3/6 - 17*l**2/2 + 24*l. Let z be p(-15). Let r = 345 + z. What is the units digit of r?
8
What is the units digit of (-2007)/(-2)*102/153?
9
Let s = 41 + -41. Suppose 18 + 104 = c + 5*k, 2*c - 3*k - 205 = s. What is the tens digit of c?
0
Suppose 2*u - 3 - 3 = 5*y, 4*u = -3*y + 12. Let c be (3 - 1)/(u/(-636)*-2). Suppose 3*m - 2*s = 7*m - c, -4*s + 53 = m. What is the tens digit of m?
5
Let m(p) = -3*p**3 - 7*p**2 - 3*p - 5. Let a be m(-4). Suppose 84*j = a*j - 606. What is the tens digit of j?
0
Let n = 1091 + -1040. Let z be 2 - -3 - (-1)/(-1). Suppose -z*l - n = -7*l. What is the tens digit of l?
1
Let t = -584 - -10347. What is the thousands digit of t?
9
Suppose 4*b + 72 = -5*r - 0*r, 2*r = b + 18. Let t = b + 14. What is the tens digit of (-310)/t*2*4/4?
5
Let z = -1216 - -2333. Let i = -14 - -19. Suppose -4*p - l = 2*l - z, 0 = -3*p + i*l + 845. What is the units digit of p?
0
Let r = -235 - -407. Suppose 0 = 4*z + 3*h + 185, -4*h + 95 = -5*z - 113. Let l = z + r. What is the tens digit of l?
2
What is the units digit of (2812 - -1) + -2 + (-9 - -5)?
7
What is the hundreds digit of ((-198)/77)/(55/(-103565))?
8
Let d(g) = 5*g**2 - 34*g + 21. Suppose 13*r + 2 = 236. What is the tens digit of d(r)?
2
What is the hundreds digit of 14*3/84*17858?
9
Let u(j) = j - 4. Let b be u(4). Let v(t) = 3*t**2 - 92*t - 225. Let c be v(39). Suppose 108*g - 103*g - c = b. What is the hundreds digit of g?
1
Let n be (-7)/(14/(-10)) - 22. What is the hundreds digit of (-6 - n/3)/((-2)/4494)?
7
Let z(x) = 56*x**2 + 137*x - 3240. What is the thousands digit of z(24)?
2
Suppose -2*i - 9 = 3*l + 2*i, 0 = 3*l + 3*i + 6. Let f be ((-3)/15*-2)/(l/5). Suppose f*p - 3*p + 471 = 5*g, 2*g = -p + 189. What is the tens digit of g?
9
Suppose 5*t + 158 + 14 = 3*a, -44 = 2*t + 5*a. Let o = 8 - t. Suppose -2*d = 5*z - 81, 2*d = -3*z + 31 + o. What is the tens digit of d?
2
Let u(h) = 23*h**3 - 15*h**2 + 33*h - 2. What is the thousands digit of u(6)?
4
Let x(a) be the first derivative of a**3/3 + 2*a**2 - 7*a + 9. Let o be x(2). Suppose o*u - 94 = 176. What is the units digit of u?
4
What is the hundreds digit of (183 - 20)/((-1)/(106/(-108)) + -1)?
6
What is the tens digit of (-2278)/67*(-2 - (-2 + 6429/6))?
3
Let v(s) = -10*s**3 + s**2 - s + 3. Let r = 69 - 69. Let b = r - 2. What is the units digit of v(b)?
9
Let w be 3/((-3)/(-3)*3). What is the hundreds digit of (w - (-1 + 